{"id":71,"date":"2023-05-26T08:42:56","date_gmt":"2023-05-26T08:42:56","guid":{"rendered":"https:\/\/www.rauch-danner.at\/wordpress\/?page_id=71"},"modified":"2023-05-26T08:49:12","modified_gmt":"2023-05-26T08:49:12","slug":"impressum-datenschutzerklaerung","status":"publish","type":"page","link":"https:\/\/www.rauch-danner.at\/index.php\/impressum-datenschutzerklaerung\/","title":{"rendered":"Impressum &#038; Datenschutzerkl\u00e4rung"},"content":{"rendered":"\n<div class=\"wp-block-columns is-layout-flex wp-container-core-columns-is-layout-28f84493 wp-block-columns-is-layout-flex\">\n<div class=\"wp-block-column is-layout-flow wp-block-column-is-layout-flow\">\n<h2 class=\"wp-block-heading\">Impressum<\/h2>\n\n\n\n<div style=\"height:51px\" aria-hidden=\"true\" class=\"wp-block-spacer\"><\/div>\n\n\n\n<figure class=\"wp-block-image size-large is-resized\"><img loading=\"lazy\" decoding=\"async\" src=\"https:\/\/www.rauch-danner.at\/\/wp-content\/uploads\/2023\/05\/rauch_danner-2-1024x197.png\" alt=\"\" class=\"wp-image-41\" width=\"363\" height=\"69\" srcset=\"https:\/\/www.rauch-danner.at\/wp-content\/uploads\/2023\/05\/rauch_danner-2-1024x197.png 1024w, https:\/\/www.rauch-danner.at\/wp-content\/uploads\/2023\/05\/rauch_danner-2-300x58.png 300w, https:\/\/www.rauch-danner.at\/wp-content\/uploads\/2023\/05\/rauch_danner-2-768x148.png 768w, https:\/\/www.rauch-danner.at\/wp-content\/uploads\/2023\/05\/rauch_danner-2-1536x296.png 1536w, https:\/\/www.rauch-danner.at\/wp-content\/uploads\/2023\/05\/rauch_danner-2.png 1574w\" sizes=\"auto, (max-width: 363px) 100vw, 363px\" \/><\/figure>\n\n\n\n<div style=\"height:12px\" aria-hidden=\"true\" class=\"wp-block-spacer\"><\/div>\n\n\n\n<p><strong>Physiotherapie Daniela Rauch-Danner<br><\/strong>Haibach 24<br>A-4204 Haibach im M\u00fchlkreis<\/p>\n\n\n\n<p><a href=\"mailto:gm@maria-neustift.ooe.gv.at\"><\/a><a href=\"mailto:physio@rauch-danner.at\">physio@rauch-danner.at<\/a><br><a href=\"https:\/\/www.rauch-danner.at\/\">www.rauch-danner.at<\/a><\/p>\n\n\n\n<p><a href=\"tel:+436644522646\">+43 664 \/ 45 22 646<\/a><\/p>\n\n\n\n<p><strong>Unternehmensgegenstand:<\/strong>&nbsp;Physiotherapeutin, \u00f6sterr. Diplom<br><strong>Eintragung im Gesundheitsberuferegister unter:<\/strong> 18-GBR-021124<\/p>\n\n\n\n<p>Die T\u00e4tigkeit unterliegt dem MTD-Gesetz (BGBl. Nr. 460\/1992 in der geltenden Fassung)&nbsp;(<a href=\"http:\/\/www.ris.bka.gv.at\/bgbl\">www.ris.bka.gv.at<\/a>)<\/p>\n\n\n\n<p><strong>Inhaberin:<\/strong> Daniela Rauch-Danner<\/p>\n\n\n\n<p><strong>Zust\u00e4ndige Aufsichtsbeh\u00f6rde:<\/strong> <\/p>\n\n\n\n<p><a href=\"https:\/\/www.land-oberoesterreich.gv.at\/bh_urfahr_umgebung.htm\" data-type=\"URL\" data-id=\"https:\/\/www.land-oberoesterreich.gv.at\/bh_urfahr_umgebung.htm\" target=\"_blank\" rel=\"noreferrer noopener\">Pr\u00fcfung der Berufsberechtigung und hygienische Aufsicht&nbsp; durch die Bezirkshauptmannschaft Urfahr-Umgebung<\/a><\/p>\n<\/div>\n\n\n\n<div class=\"wp-block-column is-layout-flow wp-block-column-is-layout-flow\">\n<h2 class=\"wp-block-heading\">Website wurde erstellt durch<\/h2>\n\n\n\n<div style=\"height:51px\" aria-hidden=\"true\" class=\"wp-block-spacer\"><\/div>\n\n\n\n<figure class=\"wp-block-image size-large is-resized\"><a href=\"https:\/\/www.drawup.at\/\"><img loading=\"lazy\" decoding=\"async\" src=\"https:\/\/www.fssm.gmbh\/wp-content\/uploads\/drawup_quer_medium_mail-1.png\" alt=\"\" class=\"wp-image-2727\" width=\"220\" height=\"97\"\/><\/a><\/figure>\n\n\n\n<p><strong>DrawUp Grafik &amp; EDV Dienstleistung<\/strong><br>Hans-Peter Schraml<br>Neustift 60\/1<br>A-4443 Maria Neustift<\/p>\n\n\n\n<p><a href=\"mailto:office@drawup.at\">office@drawup.at<\/a><br><a href=\"tel:+43725050749\" data-type=\"tel\" data-id=\"tel:+43725050749\">+43 7250 50749<\/a><\/p>\n\n\n\n<h4 class=\"wp-block-heading\">Information zu den Inhalten<\/h4>\n\n\n\n<p>Unsere Texte sind nur der Lesbarkeit halber im konventionellen generischen Maskulinum gehalten, richten sich aber selbstverst\u00e4ndlich an beide Geschlechter gleicherma\u00dfen. Alle \u00c4nderungen und Irrt\u00fcmer, bez\u00fcglich der Inhalte und Bilder, sind vorbehalten.<\/p>\n\n\n\n<p>Wir \u00fcbernehmen keinerlei Gew\u00e4hr f\u00fcr die Aktualit\u00e4t, Richtigkeit und Vollst\u00e4ndigkeit der bereitgestellten Informationen auf seiner Website. Haftungsanspr\u00fcche gegen den Physiotherapie Rauch-Danner welche sich auf Sch\u00e4den materieller oder ideeller Art beziehen, die durch die Nutzung oder Nichtnutzung der dargebotenen Informationen bzw. durch die Nutzung fehlerhafter und unvollst\u00e4ndiger Informationen verursacht wurden, sind grunds\u00e4tzlich ausgeschlossen, sofern seitens des Vereins kein nachweislich vors\u00e4tzliches oder grob fahrl\u00e4ssiges Verschulden vorliegt. Alle Preise und Angebote sind freibleibend und unverbindlich. Der Physiotherapie Rauch-Danner beh\u00e4lt es sich ausdr\u00fccklich vor, Teile der Seiten oder das gesamte Angebot ohne gesonderte Ank\u00fcndigung zu ver\u00e4ndern, zu erg\u00e4nzen und zu l\u00f6schen.<\/p>\n<\/div>\n<\/div>\n\n\n\n<h2 class=\"wp-block-heading\">Impressum<\/h2>\n\n\n\n<h4 class=\"wp-block-heading\">Bildquellen<\/h4>\n\n\n\n<p>Alle Bilder sind unser geistiges Eigentum. Eine Kopie und weitere Nutzung aller Bilder ist nicht zul\u00e4ssig ohne vorhergehende schriftliche Zusage des jeweiligen Urhebers.<\/p>\n\n\n\n<h4 class=\"wp-block-heading\">Haftung f\u00fcr Links<\/h4>\n\n\n\n<p>Unser Angebot enth\u00e4lt Links zu externen Webseiten Dritter, auf deren Inhalte wir keinen Einfluss haben. Deshalb k\u00f6nnen wir f\u00fcr diese fremden Inhalte auch keine Gew\u00e4hr \u00fcbernehmen. F\u00fcr die Inhalte der verlinkten Seiten ist stets der jeweilige Anbieter oder Betreiber der Seite verantwortlich. Die verlinkten Seiten wurden zum Zeitpunkt der Verlinkung auf m\u00f6gliche Rechtsverst\u00f6\u00dfe \u00fcberpr\u00fcft. Rechtswidrige Inhalte waren zum Zeitpunkt der Verlinkung nicht erkennbar. Eine permanente inhaltliche Kontrolle der verlinkten Seiten ist jedoch ohne konkrete Anhaltspunkte einer Rechtsverletzung nicht zumutbar. Bei Bekanntwerden von Rechtsverletzungen werden wir derartige Links umgehend entfernen.<\/p>\n\n\n\n<h4 class=\"wp-block-heading\">Urheberrecht<\/h4>\n\n\n\n<p>Die durch die Seitenbetreiber erstellten Inhalte und Werke auf diesen Seiten unterliegen dem Urheberrecht. Die Vervielf\u00e4ltigung, Bearbeitung, Verbreitung und jede Art der Verwertung au\u00dferhalb der Grenzen des Urheberrechtes bed\u00fcrfen der schriftlichen Zustimmung des jeweiligen Autors bzw. Erstellers. Downloads und Kopien dieser Webseite sind nur f\u00fcr den privaten, nicht kommerziellen Gebrauch gestattet. Die Betreiber der Seiten sind bem\u00fcht, stets die Urheberrechte Anderer zu beachten bzw. auf selbst erstellte sowie lizenzfreie Werke zur\u00fcckzugreifen.<\/p>\n\n\n\n<h4 class=\"wp-block-heading\">Haftung f\u00fcr Inhalte<\/h4>\n\n\n\n<p>Die Inhalte unserer Seiten wurden mit gr\u00f6\u00dfter Sorgfalt erstellt. F\u00fcr die Richtigkeit, Vollst\u00e4ndigkeit und Aktualit\u00e4t der Inhalte k\u00f6nnen wir jedoch keine Gew\u00e4hr \u00fcbernehmen. Als Webseitenbetreiber sind wir f\u00fcr eigene Inhalte auf diesen Seiten nach den allgemeinen Gesetzen verantwortlich. Wir sind als Webseitenbetreiber jedoch nicht verpflichtet, \u00fcbermittelte oder gespeicherte fremde Informationen zu \u00fcberwachen oder nach Umst\u00e4nden zu forschen, die auf eine rechtswidrige T\u00e4tigkeit hinweisen. Verpflichtungen zur Entfernung oder Sperrung der Nutzung von Informationen nach den allgemeinen Gesetzen bleiben hiervon unber\u00fchrt. Eine diesbez\u00fcgliche Haftung ist jedoch erst ab dem Zeitpunkt der Kenntnis einer konkreten Rechtsverletzung m\u00f6glich. Bei Bekannt werden von entsprechenden Rechtsverletzungen werden wir diese Inhalte umgehend entfernen.<\/p>\n\n\n\n<div style=\"height:53px\" aria-hidden=\"true\" id=\"datenschutz\" class=\"wp-block-spacer\"><\/div>\n\n\n\n<h2 class=\"wp-block-heading\">Datenschutzerkl\u00e4rung<\/h2>\n\n\n\n<h4 class=\"wp-block-heading\">EU-Streitschlichtung<\/h4>\n\n\n\n<p>Angaben zur Online-Streitbeilegung: Verbraucher haben die M\u00f6glichkeit, Beschwerden an die Online-Streitbeilegungsplattform der EU zu richten:&nbsp;<a href=\"https:\/\/ec.europa.eu\/consumers\/odr\/main\/index.cfm?event=main.home2.show&amp;lng=DE\">https:\/\/ec.europa.eu\/consumers\/odr\/main\/index.cfm?event=main.home2.show&amp;lng=DE<\/a>. Sie k\u00f6nnen allf\u00e4llige Beschwerde auch an die unten angegebene E-Mail-Adresse richten.<\/p>\n\n\n\n<h4 class=\"wp-block-heading\">Generelles<\/h4>\n\n\n\n<p>Der Schutz Ihrer Daten ist uns ein besonderes Anliegen. Wir verarbeiten Ihre Daten daher ausschlie\u00dflich auf Grundlage der gesetzlichen Bestimmungen (DSGVO, TKG). In diesen Datenschutzinformationen informieren wir Sie \u00fcber die wichtigsten Aspekte der Datenverarbeitung im Rahmen unserer Website. Beim Besuch unserer Website wird Ihre IP-Adresse, Beginn und Ende der Sitzung f\u00fcr die Dauer dieser Sitzung erfasst. Dies ist technisch bedingt und stellt damit ein berechtigtes Interesse i.S.v. Art 6 Abs 1 lit f DSGVO dar. Soweit im Folgenden nichts Anderes geregelt wird, werden diese Daten von uns nicht weiterverarbeitet.<\/p>\n\n\n\n<h4 class=\"wp-block-heading\">Cookies<\/h4>\n\n\n\n<p>Unsere Website verwendet so genannte Cookies. Dabei handelt es sich um kleine Textdateien, die mit Hilfe des Browsers auf Ihrem Endger\u00e4t abgelegt werden. Sie richten keinen Schaden an. Wir nutzen Cookies dazu, unser Angebot nutzerfreundlich zu gestalten. Einige Cookies bleiben auf Ihrem Endger\u00e4t gespeichert, bis Sie diese l\u00f6schen. Sie erm\u00f6glichen es uns, Ihren Browser beim n\u00e4chsten Besuch wiederzuerkennen. Wenn Sie dies nicht w\u00fcnschen, so k\u00f6nnen Sie Ihren Browser so einrichten, dass er Sie \u00fcber das Setzen von Cookies informiert und Sie dies nur im Einzelfall erlauben. Bei der Deaktivierung von Cookies kann die Funktionalit\u00e4t unserer Website eingeschr\u00e4nkt sein.<\/p>\n\n\n\n<h4 class=\"wp-block-heading\">TLS-Verschl\u00fcsselung mit https<\/h4>\n\n\n\n<p>Wir verwenden https um Daten abh\u00f6rsicher im Internet zu \u00fcbertragen. Durch den Einsatz von TLS (Transport Layer Security), einem Verschl\u00fcsselungsprotokoll zur sicheren Daten\u00fcbertragung im Internet k\u00f6nnen wir den Schutz vertraulicher Daten sicherstellen. Sie erkennen die Benutzung dieser Absicherung der Daten\u00fcbertragung am kleinen Schlosssymbol links oben im Browser und der Verwendung des Schemas https als Teil unserer Internetadresse.<\/p>\n\n\n\n<h4 class=\"wp-block-heading\">Google Fonts<\/h4>\n\n\n\n<p>Wir verwenden Google Fonts der Firma Google Inc. (1600 Amphitheatre Parkway Mountain View, CA 94043, USA) auf unserer Webseite. Die Verwendung von Google Fonts erfolgt ohne Authentisierung und es werden keine Cookies and die Google Fonts API gesendet. Sollten Sie ein Konto bei Google haben, werden keine Ihrer Google-Kontodaten an Google w\u00e4hrend der Nutzung von Google Fonts \u00fcbermittelt. Google erfasst lediglich die Nutzung von CSS und der verwendeten Fonts und speichert diese Daten sicher. Mehr zu diesen und weiteren Fragen finden Sie auf&nbsp;<a href=\"https:\/\/developers.google.com\/fonts\/faq\">https:\/\/developers.google.com\/fonts\/faq<\/a>. Welche Daten von Google erfasst werden und wof\u00fcr diese Daten verwendet werden, k\u00f6nnen Sie auf&nbsp;<a href=\"https:\/\/www.google.com\/intl\/de\/policies\/privacy\/\">https:\/\/www.google.com\/intl\/de\/policies\/privacy\/<\/a>&nbsp;nachlesen. Google Fonts werden bei uns lokal gespeichert. Daher werden im Normalbetrieb Daten nur zwischen Ihnen und unserer Website \u00fcbermittelt.<\/p>\n\n\n\n<h4 class=\"wp-block-heading\" id=\"heading_Ihre_Rechte\">Ihre Rechte<\/h4>\n\n\n\n<p>Ihnen stehen bez\u00fcglich Ihrer bei uns gespeicherten Daten&nbsp;grunds\u00e4tzlich die Rechte auf Auskunft, Berichtigung, L\u00f6schung, Einschr\u00e4nkung, Daten\u00fcbertragbarkeit, Widerruf und Widerspruch zu. Wenn Sie glauben, dass die Verarbeitung Ihrer Daten gegen das Datenschutzrecht verst\u00f6\u00dft oder Ihre datenschutzrechtlichen Anspr\u00fcche sonst in einer Weise verletzt worden sind, k\u00f6nnen Sie sich bei uns unter<em>&nbsp;<a href=\"mailto:office@fssm.gmbh\"><\/a><\/em><a href=\"mailto:physio@rauch-danner.at\"><em>physio@rauch-danner.a<\/em><\/a><em><a href=\"mailto:physio@rauch-danner.at\">t<\/a><\/em>&nbsp;oder der Datenschutzbeh\u00f6rde beschweren. Es uns jedoch ein Anliegen, dass Sie Ihre Beschwerde vorher direkt mit uns besprechen, damit wir eine passende L\u00f6sung finden k\u00f6nnen.<\/p>\n\n\n\n<h4 class=\"wp-block-heading\" id=\"heading_Sie_erreichen_uns_unter_folgenden_Kontaktdaten_\">Sie erreichen uns unter folgenden Kontaktdaten:<\/h4>\n\n\n\n<p>Physiotherapie Daniela Rauch-Danner<strong><br><\/strong>Haibach 24<br>A-4204 Haibach im M\u00fchlkreis<\/p>\n\n\n\n<p><a href=\"mailto:office@fssm.gmbh\"><\/a><strong><a href=\"mailto:physio@rauch-danner.at\">physio@rauch-danner.at<\/a><\/strong><br><a href=\"tel:+43732210308\"><\/a><a href=\"tel:+436644522646\"><strong>+43 664 \/ 45 22 646<\/strong><\/a><\/p>\n\n\n\n<p>Unseren Datenschutzbeauftragten erreichen Sie unter obiger Telefonnummer.&nbsp;<\/p>\n","protected":false},"excerpt":{"rendered":"<p>Impressum Physiotherapie Daniela Rauch-DannerHaibach 24A-4204 Haibach im M\u00fchlkreis physio@rauch-danner.atwww.rauch-danner.at +43 664 \/ 45 22 646 Unternehmensgegenstand:&nbsp;Physiotherapeutin, \u00f6sterr. DiplomEintragung im Gesundheitsberuferegister unter: 18-GBR-021124 Die T\u00e4tigkeit unterliegt dem MTD-Gesetz (BGBl. Nr. 460\/1992 in der geltenden Fassung)&nbsp;(www.ris.bka.gv.at) Inhaberin: Daniela Rauch-Danner Zust\u00e4ndige Aufsichtsbeh\u00f6rde: Pr\u00fcfung der Berufsberechtigung und hygienische Aufsicht&nbsp; durch die Bezirkshauptmannschaft Urfahr-Umgebung Website wurde erstellt durch DrawUp Grafik [&hellip;]<\/p>\n","protected":false},"author":1,"featured_media":0,"parent":0,"menu_order":0,"comment_status":"closed","ping_status":"open","template":"","meta":{"site-sidebar-layout":"default","site-content-layout":"","ast-site-content-layout":"default","site-content-style":"default","site-sidebar-style":"default","ast-global-header-display":"","ast-banner-title-visibility":"","ast-main-header-display":"","ast-hfb-above-header-display":"","ast-hfb-below-header-display":"","ast-hfb-mobile-header-display":"","site-post-title":"","ast-breadcrumbs-content":"","ast-featured-img":"","footer-sml-layout":"","ast-disable-related-posts":"","theme-transparent-header-meta":"","adv-header-id-meta":"","stick-header-meta":"","header-above-stick-meta":"","header-main-stick-meta":"","header-below-stick-meta":"","astra-migrate-meta-layouts":"default","ast-page-background-enabled":"default","ast-page-background-meta":{"desktop":{"background-color":"var(--ast-global-color-4)","background-image":"","background-repeat":"repeat","background-position":"center center","background-size":"auto","background-attachment":"scroll","background-type":"","background-media":"","overlay-type":"","overlay-color":"","overlay-opacity":"","overlay-gradient":""},"tablet":{"background-color":"","background-image":"","background-repeat":"repeat","background-position":"center center","background-size":"auto","background-attachment":"scroll","background-type":"","background-media":"","overlay-type":"","overlay-color":"","overlay-opacity":"","overlay-gradient":""},"mobile":{"background-color":"","background-image":"","background-repeat":"repeat","background-position":"center center","background-size":"auto","background-attachment":"scroll","background-type":"","background-media":"","overlay-type":"","overlay-color":"","overlay-opacity":"","overlay-gradient":""}},"ast-content-background-meta":{"desktop":{"background-color":"var(--ast-global-color-5)","background-image":"","background-repeat":"repeat","background-position":"center center","background-size":"auto","background-attachment":"scroll","background-type":"","background-media":"","overlay-type":"","overlay-color":"","overlay-opacity":"","overlay-gradient":""},"tablet":{"background-color":"var(--ast-global-color-5)","background-image":"","background-repeat":"repeat","background-position":"center center","background-size":"auto","background-attachment":"scroll","background-type":"","background-media":"","overlay-type":"","overlay-color":"","overlay-opacity":"","overlay-gradient":""},"mobile":{"background-color":"var(--ast-global-color-5)","background-image":"","background-repeat":"repeat","background-position":"center center","background-size":"auto","background-attachment":"scroll","background-type":"","background-media":"","overlay-type":"","overlay-color":"","overlay-opacity":"","overlay-gradient":""}},"footnotes":""},"class_list":["post-71","page","type-page","status-publish","hentry"],"yoast_head":"<!-- This site is optimized with the Yoast SEO plugin v25.7 - https:\/\/yoast.com\/wordpress\/plugins\/seo\/ -->\n<title>Impressum &amp; Datenschutzerkl\u00e4rung - Physiotherapie Rauch-Danner<\/title>\n<meta name=\"robots\" content=\"index, follow, max-snippet:-1, max-image-preview:large, max-video-preview:-1\" \/>\n<link rel=\"canonical\" href=\"https:\/\/www.rauch-danner.at\/index.php\/impressum-datenschutzerklaerung\/\" \/>\n<meta property=\"og:locale\" content=\"de_DE\" \/>\n<meta property=\"og:type\" content=\"article\" \/>\n<meta property=\"og:title\" content=\"Impressum &amp; Datenschutzerkl\u00e4rung - Physiotherapie Rauch-Danner\" \/>\n<meta property=\"og:description\" content=\"Impressum Physiotherapie Daniela Rauch-DannerHaibach 24A-4204 Haibach im M\u00fchlkreis physio@rauch-danner.atwww.rauch-danner.at +43 664 \/ 45 22 646 Unternehmensgegenstand:&nbsp;Physiotherapeutin, \u00f6sterr. DiplomEintragung im Gesundheitsberuferegister unter: 18-GBR-021124 Die T\u00e4tigkeit unterliegt dem MTD-Gesetz (BGBl. Nr. 460\/1992 in der geltenden Fassung)&nbsp;(www.ris.bka.gv.at) Inhaberin: Daniela Rauch-Danner Zust\u00e4ndige Aufsichtsbeh\u00f6rde: Pr\u00fcfung der Berufsberechtigung und hygienische Aufsicht&nbsp; durch die Bezirkshauptmannschaft Urfahr-Umgebung Website wurde erstellt durch DrawUp Grafik [&hellip;]\" \/>\n<meta property=\"og:url\" content=\"https:\/\/www.rauch-danner.at\/index.php\/impressum-datenschutzerklaerung\/\" \/>\n<meta property=\"og:site_name\" content=\"Physiotherapie Rauch-Danner\" \/>\n<meta property=\"article:modified_time\" content=\"2023-05-26T08:49:12+00:00\" \/>\n<meta property=\"og:image\" content=\"https:\/\/www.rauch-danner.at\/wp-content\/uploads\/2023\/05\/rauch_danner-2.png\" \/>\n\t<meta property=\"og:image:width\" content=\"1574\" \/>\n\t<meta property=\"og:image:height\" content=\"303\" \/>\n\t<meta property=\"og:image:type\" content=\"image\/png\" \/>\n<meta name=\"twitter:card\" content=\"summary_large_image\" \/>\n<meta name=\"twitter:label1\" content=\"Gesch\u00e4tzte Lesezeit\" \/>\n\t<meta name=\"twitter:data1\" content=\"6 Minuten\" \/>\n<script type=\"application\/ld+json\" class=\"yoast-schema-graph\">{\"@context\":\"https:\/\/schema.org\",\"@graph\":[{\"@type\":\"WebPage\",\"@id\":\"https:\/\/www.rauch-danner.at\/index.php\/impressum-datenschutzerklaerung\/\",\"url\":\"https:\/\/www.rauch-danner.at\/index.php\/impressum-datenschutzerklaerung\/\",\"name\":\"Impressum & Datenschutzerkl\u00e4rung - Physiotherapie Rauch-Danner\",\"isPartOf\":{\"@id\":\"https:\/\/www.rauch-danner.at\/#website\"},\"primaryImageOfPage\":{\"@id\":\"https:\/\/www.rauch-danner.at\/index.php\/impressum-datenschutzerklaerung\/#primaryimage\"},\"image\":{\"@id\":\"https:\/\/www.rauch-danner.at\/index.php\/impressum-datenschutzerklaerung\/#primaryimage\"},\"thumbnailUrl\":\"https:\/\/www.rauch-danner.at\/\/wp-content\/uploads\/2023\/05\/rauch_danner-2-1024x197.png\",\"datePublished\":\"2023-05-26T08:42:56+00:00\",\"dateModified\":\"2023-05-26T08:49:12+00:00\",\"breadcrumb\":{\"@id\":\"https:\/\/www.rauch-danner.at\/index.php\/impressum-datenschutzerklaerung\/#breadcrumb\"},\"inLanguage\":\"de-AT\",\"potentialAction\":[{\"@type\":\"ReadAction\",\"target\":[\"https:\/\/www.rauch-danner.at\/index.php\/impressum-datenschutzerklaerung\/\"]}]},{\"@type\":\"ImageObject\",\"inLanguage\":\"de-AT\",\"@id\":\"https:\/\/www.rauch-danner.at\/index.php\/impressum-datenschutzerklaerung\/#primaryimage\",\"url\":\"https:\/\/www.rauch-danner.at\/wp-content\/uploads\/2023\/05\/rauch_danner-2.png\",\"contentUrl\":\"https:\/\/www.rauch-danner.at\/wp-content\/uploads\/2023\/05\/rauch_danner-2.png\",\"width\":1574,\"height\":303},{\"@type\":\"BreadcrumbList\",\"@id\":\"https:\/\/www.rauch-danner.at\/index.php\/impressum-datenschutzerklaerung\/#breadcrumb\",\"itemListElement\":[{\"@type\":\"ListItem\",\"position\":1,\"name\":\"Home\",\"item\":\"https:\/\/www.rauch-danner.at\/\"},{\"@type\":\"ListItem\",\"position\":2,\"name\":\"Impressum &#038; Datenschutzerkl\u00e4rung\"}]},{\"@type\":\"WebSite\",\"@id\":\"https:\/\/www.rauch-danner.at\/#website\",\"url\":\"https:\/\/www.rauch-danner.at\/\",\"name\":\"Physiotherapie Rauch-Danner\",\"description\":\"\",\"potentialAction\":[{\"@type\":\"SearchAction\",\"target\":{\"@type\":\"EntryPoint\",\"urlTemplate\":\"https:\/\/www.rauch-danner.at\/?s={search_term_string}\"},\"query-input\":{\"@type\":\"PropertyValueSpecification\",\"valueRequired\":true,\"valueName\":\"search_term_string\"}}],\"inLanguage\":\"de-AT\"}]}<\/script>\n<!-- \/ Yoast SEO plugin. -->","yoast_head_json":{"title":"Impressum & Datenschutzerkl\u00e4rung - Physiotherapie Rauch-Danner","robots":{"index":"index","follow":"follow","max-snippet":"max-snippet:-1","max-image-preview":"max-image-preview:large","max-video-preview":"max-video-preview:-1"},"canonical":"https:\/\/www.rauch-danner.at\/index.php\/impressum-datenschutzerklaerung\/","og_locale":"de_DE","og_type":"article","og_title":"Impressum & Datenschutzerkl\u00e4rung - Physiotherapie Rauch-Danner","og_description":"Impressum Physiotherapie Daniela Rauch-DannerHaibach 24A-4204 Haibach im M\u00fchlkreis physio@rauch-danner.atwww.rauch-danner.at +43 664 \/ 45 22 646 Unternehmensgegenstand:&nbsp;Physiotherapeutin, \u00f6sterr. DiplomEintragung im Gesundheitsberuferegister unter: 18-GBR-021124 Die T\u00e4tigkeit unterliegt dem MTD-Gesetz (BGBl. Nr. 460\/1992 in der geltenden Fassung)&nbsp;(www.ris.bka.gv.at) Inhaberin: Daniela Rauch-Danner Zust\u00e4ndige Aufsichtsbeh\u00f6rde: Pr\u00fcfung der Berufsberechtigung und hygienische Aufsicht&nbsp; durch die Bezirkshauptmannschaft Urfahr-Umgebung Website wurde erstellt durch DrawUp Grafik [&hellip;]","og_url":"https:\/\/www.rauch-danner.at\/index.php\/impressum-datenschutzerklaerung\/","og_site_name":"Physiotherapie Rauch-Danner","article_modified_time":"2023-05-26T08:49:12+00:00","og_image":[{"width":1574,"height":303,"url":"https:\/\/www.rauch-danner.at\/wp-content\/uploads\/2023\/05\/rauch_danner-2.png","type":"image\/png"}],"twitter_card":"summary_large_image","twitter_misc":{"Gesch\u00e4tzte Lesezeit":"6 Minuten"},"schema":{"@context":"https:\/\/schema.org","@graph":[{"@type":"WebPage","@id":"https:\/\/www.rauch-danner.at\/index.php\/impressum-datenschutzerklaerung\/","url":"https:\/\/www.rauch-danner.at\/index.php\/impressum-datenschutzerklaerung\/","name":"Impressum & Datenschutzerkl\u00e4rung - Physiotherapie Rauch-Danner","isPartOf":{"@id":"https:\/\/www.rauch-danner.at\/#website"},"primaryImageOfPage":{"@id":"https:\/\/www.rauch-danner.at\/index.php\/impressum-datenschutzerklaerung\/#primaryimage"},"image":{"@id":"https:\/\/www.rauch-danner.at\/index.php\/impressum-datenschutzerklaerung\/#primaryimage"},"thumbnailUrl":"https:\/\/www.rauch-danner.at\/\/wp-content\/uploads\/2023\/05\/rauch_danner-2-1024x197.png","datePublished":"2023-05-26T08:42:56+00:00","dateModified":"2023-05-26T08:49:12+00:00","breadcrumb":{"@id":"https:\/\/www.rauch-danner.at\/index.php\/impressum-datenschutzerklaerung\/#breadcrumb"},"inLanguage":"de-AT","potentialAction":[{"@type":"ReadAction","target":["https:\/\/www.rauch-danner.at\/index.php\/impressum-datenschutzerklaerung\/"]}]},{"@type":"ImageObject","inLanguage":"de-AT","@id":"https:\/\/www.rauch-danner.at\/index.php\/impressum-datenschutzerklaerung\/#primaryimage","url":"https:\/\/www.rauch-danner.at\/wp-content\/uploads\/2023\/05\/rauch_danner-2.png","contentUrl":"https:\/\/www.rauch-danner.at\/wp-content\/uploads\/2023\/05\/rauch_danner-2.png","width":1574,"height":303},{"@type":"BreadcrumbList","@id":"https:\/\/www.rauch-danner.at\/index.php\/impressum-datenschutzerklaerung\/#breadcrumb","itemListElement":[{"@type":"ListItem","position":1,"name":"Home","item":"https:\/\/www.rauch-danner.at\/"},{"@type":"ListItem","position":2,"name":"Impressum &#038; Datenschutzerkl\u00e4rung"}]},{"@type":"WebSite","@id":"https:\/\/www.rauch-danner.at\/#website","url":"https:\/\/www.rauch-danner.at\/","name":"Physiotherapie Rauch-Danner","description":"","potentialAction":[{"@type":"SearchAction","target":{"@type":"EntryPoint","urlTemplate":"https:\/\/www.rauch-danner.at\/?s={search_term_string}"},"query-input":{"@type":"PropertyValueSpecification","valueRequired":true,"valueName":"search_term_string"}}],"inLanguage":"de-AT"}]}},"_links":{"self":[{"href":"https:\/\/www.rauch-danner.at\/index.php\/wp-json\/wp\/v2\/pages\/71","targetHints":{"allow":["GET"]}}],"collection":[{"href":"https:\/\/www.rauch-danner.at\/index.php\/wp-json\/wp\/v2\/pages"}],"about":[{"href":"https:\/\/www.rauch-danner.at\/index.php\/wp-json\/wp\/v2\/types\/page"}],"author":[{"embeddable":true,"href":"https:\/\/www.rauch-danner.at\/index.php\/wp-json\/wp\/v2\/users\/1"}],"replies":[{"embeddable":true,"href":"https:\/\/www.rauch-danner.at\/index.php\/wp-json\/wp\/v2\/comments?post=71"}],"version-history":[{"count":10,"href":"https:\/\/www.rauch-danner.at\/index.php\/wp-json\/wp\/v2\/pages\/71\/revisions"}],"predecessor-version":[{"id":86,"href":"https:\/\/www.rauch-danner.at\/index.php\/wp-json\/wp\/v2\/pages\/71\/revisions\/86"}],"wp:attachment":[{"href":"https:\/\/www.rauch-danner.at\/index.php\/wp-json\/wp\/v2\/media?parent=71"}],"curies":[{"name":"wp","href":"https:\/\/api.w.org\/{rel}","templated":true}]}}